k(-3)?
-2
Let t(y) = 40*y**2 - y**3 - 13*y**2 - 17*y**2 - 19*y**2 - 11 + 10*y - 9*y. What is t(-9)?
-20
Let j(h) = -2*h + 4. Let k be (-270)/(-150) - 16/(-5). Determine j(k).
-6
Suppose 4*g = g + 21. Suppose -g*q + 10 = -6*q. Let r = -8 + q. Let t(j) = -3*j - 1. Give t(r).
-7
Let i(p) = -7*p**3 + 2*p + 14. Let q(m) = 3*m**3 - m - 7. Let x(b) = 2*i(b) + 5*q(b). Let u(a) = a**2 + 5*a - 9. Let n be u(-7). Let z = n - 5. Calculate x(z).
-7
Let t(d) be the first derivative of -d**5/20 - 5*d**4/12 - 2*d**3/3 + 2*d**2 - 2*d + 5. Let w(h) be the first derivative of t(h). Let b = -9 - -5. What is w(b)?
4
Let m be -51 + 58 - (1 - -5). Let p be (-2)/(-8) - 22/(-8). Let l(n) = 5*n**2 + 3. Let f(r) = 2*r**2 + 2. Let v(q) = p*l(q) - 5*f(q). Give v(m).
4
Let z(h) = -2 - 6*h**2 + 3*h**2 + h**2 + 4*h + 3*h**2. Calculate z(3).
19
Let v(n) be the second derivative of -n**4/12 - n**3/2 + 5*n**2 + 16*n. Let d(f) be the first derivative of v(f). Determine d(5).
-13
Let v(z) = z**3 + 6*z**2 - 5*z + 8. Let r be v(-7). Let p(h) = h - 3*h - 9 - 4 + 4. What is p(r)?
3
Let s(o) = 2*o - 5. Let a(j) = -4*j + 11. Suppose 0 = -8*m + 4*m. Suppose -4*r = -m*r + 16. Let h(u) = r*a(u) - 9*s(u). Determine h(6).
-11
Let q(j) = j**3 - j**2 + j - 1. Let a(c) be the third derivative of -c**6/20 + c**5/5 - c**4/2 + 2*c**3 + 37*c**2. Let z(g) = a(g) + 5*q(g). What is z(6)?
1
Let y(n) be the second derivative of n**3/2 + 20*n**2 - 686*n. Give y(-14).
-2
Let u be (2 + (-8)/4)/1. Suppose u = 2*f - 2*d - 2*d - 20, 3*f - 10 = d. Let x(o) = -o - 2*o**2 - 2*o**2 + 3*o**f + 5*o + 3. Determine x(5).
-2
Let w(m) = m - 5. Let d(j) = 7*j - 1. Let f be d(1). Let x be w(f). Let h(c) = 0*c + x + 4*c - 3*c + 0*c. What is h(-4)?
-3
Let l(z) = 2*z + 4 - 1 + 1. Let b = -41 - -35. Give l(b).
-8
Let j = -12 + 6. Let l(b) = -b**3 + 6*b**2 - 5*b - 4. Let f be l(4). Let r = j + f. Let n(y) = -y**2 + 2*y + 1. Give n(r).
1
Let y(a) = a**2 - 7*a + 11. Let d be 7/(3 + -24) - 13/(-3). Determine y(d).
-1
Let i(y) = -y - 1. Let h be ((-18)/(-30))/(1/5). Suppose -f + 22 = 5*j, 4*j = -4*f + 3*j + 12. Suppose -f*w - h = w. Give i(w).
0
Let u(y) = 4*y - 12. Let n be u(4). Suppose -k = p - 4, 0 = 5*k + n*p - 0*p - 19. Let z(m) = m**2 - 2*m + 2. Give z(k).
5
Let a(z) be the first derivative of -2*z**3/3 + 7*z**2 - 9*z + 16. Let w be a(6). Let x(b) = -2*b + 3. Determine x(w).
-3
Let c(a) = -38*a**3 + a**2 - a + 1. Suppose 4*b - 4 = 0, -b = -5*x + 3*b + 1. Give c(x).
-37
Let w be (1 - 0)/(21/42). Let a(z) = 0 + 7*z + 2 + 70*z**3 - 69*z**3 + 7*z**w. Determine a(-6).
-4
Let t(q) be the third derivative of 1/4*q**4 + 15*q**2 + 0 + 0*q + 1/6*q**3 + 1/60*q**5. What is t(-6)?
1
Let b(i) = 5*i**2 - 6*i + 5. Let d(h) = -h**2 + h - 1. Let k(g) = b(g) + 7*d(g). What is k(1)?
-3
Let s(r) = 13*r**3 + r**2 + r + 1. Suppose 5*v + 2*t - 3 = -0, 5*v = t - 9. Determine s(v).
-12
Let p(d) = 8 - 4*d - 4 + 7*d. Let x be 2/((-12)/16*(-80)/90). Determine p(x).
13
Let y(j) be the third derivative of -j**8/20160 + j**7/840 + 7*j**6/720 + j**5/15 + 16*j**2. Let a(w) be the third derivative of y(w). Determine a(6).
7
Suppose 10*t - 7*t = 45. Let z(v) = 19*v**2 - t*v**2 + 3 + 5*v + 0 + v**3. Determine z(-3).
-3
Let w = 422 + -411. Let t(k) = 3*k - 28. Give t(w).
5
Let u(s) be the second derivative of -s + 1/2*s**2 + 1/3*s**3 - 1/6*s**4 + 0. Calculate u(2).
-3
Suppose 6*v - 146 = -194. Let q(j) = -7*j**2 - 55*j + 6. Calculate q(v).
-2
Let m(l) = -2*l**2 - 4*l + 2. Suppose 0 = -21*j + 27 - 6. Determine m(j).
-4
Let v(m) be the second derivative of m**6/120 + m**5/15 - m**4/24 - m**3/2 + 23*m**2/2 + 14*m. Let o(c) be the first derivative of v(c). Determine o(-3).
9
Suppose -12 = -0*m + 2*m. Suppose -1 + 3 = c. Let s(i) = -3*i + 7*i + 3*i + i**c + 3. Determine s(m).
-3
Let k(a) = a**2 + 7*a - 6. Let h(f) = 12*f - 2. Let n be h(2). Suppose 4*l = -n - 2. Calculate k(l).
-12
Let q(i) = -i**2 + 7*i + 1. Let x(p) = 8*p**2 - 21*p - 26. Let l(s) = s**2 - s - 2. Let k(r) = -18*l(r) + 2*x(r). Let n be k(-11). Determine q(n).
7
Let r(g) = -g**3 - g**2 + 3*g + 2. Let o be r(-3). Let n(i) be the first derivative of i**2 - o*i + 5 - 2*i**2 + 6*i. Give n(-5).
5
Suppose 24 + 0 = 8*k. Let c(f) = -10*f**k - 4*f**2 - f**3 + 14*f**3 + 5 - 4*f**3 + 2*f. Give c(-4).
-3
Let p(i) = -9*i + 5. Let n(y) = 6*y - 3. Let c(d) = 7*n(d) + 5*p(d). Let u(g) = -2*g**3 + 9*g**2 + 8*g - 11. Let b be u(5). What is c(b)?
-8
Let f be 32/(-7) + (-60)/140. Let n(d) = -3*d - 6. What is n(f)?
9
Let n be 4/(-3)*1/(6/(-9)). Let j(s) = -s**n - 2 + 12*s - 3*s**2 - 16*s. Give j(-2).
-10
Suppose 0 = -5*t + 5*g - g + 42, 4*g - 38 = -3*t. Let y(k) = -4 - 7 + t + 2*k. Give y(-1).
-3
Suppose -4*k = 0, -2*z - 42 = z + 5*k. Let u(d) = d**3 + 15*d**2 + 14*d - 7. Give u(z).
-7
Let z = 6 + -9. Let n(s) be the second derivative of -3/2*s**2 + 1/12*s**4 + 3*s + 0*s**3 + 0. Determine n(z).
6
Let t(n) = 22 + 2*n - 19*n + 3*n + 3*n + 10*n. Give t(16).
6
Let s(v) be the third derivative of -v**7/2520 + v**6/144 - 7*v**4/24 + 2*v**3/3 - 43*v**2. Let h(m) be the second derivative of s(m). Determine h(3).
6
Let s(g) be the third derivative of -g**6/120 + 7*g**5/60 + 3*g**4/8 + 2*g**3/3 - 3*g**2 + 7. Calculate s(8).
12
Let g(l) be the second derivative of l**5/20 + 7*l**4/12 - 2*l**3/3 + 5*l**2 + 12*l + 4. What is g(-8)?
-22
Let j(r) = r**3 - 7*r**2 + 3*r + 21. Let y be j(6). Let c(t) be the first derivative of -3/2*t**2 - t + 3 - 2/3*t**y. What is c(-2)?
-3
Let h be -1 + -1*16*1/(-2). Suppose -2 = -p - 2*k, 3 = -3*p - 2*k - h. Let j(m) = m**3 + 5*m**2 - 6*m - 5. Determine j(p).
-5
Suppose 0*p - p = 2. Let m(x) = 24*x - 18. Let a be m(9). Let w(y) = 198 - a - 6*y. Calculate w(p).
12
Let g(j) = 2*j + 12. Let x(l) = 6*l + 24. Let q(p) = 10*g(p) - 4*x(p). What is q(7)?
-4
Let u(q) = q**2 + 7*q - 8. Suppose 0 = -5*z + 4*n + 26, 0 = 3*z - 3*n - 0*n - 18. Suppose 4*m + 5*h = -0*m - 7, z*m + h = -11. Determine u(m).
0
Let f be (-3 - (-28)/(-12))/((-10)/(-15)). Let u(o) = -o**2 - 5*o. Calculate u(f).
-24
Let o(c) = 16*c**3 - 41*c**2 + 31*c + 30. Let n be 60/24 + 1/(-2). Let g(f) = 3*f**3 - 8*f**2 + 6*f + 6. Let p(m) = n*o(m) - 11*g(m). Give p(5).
-1
Suppose -2*t + 4 = -0. Let i(x) = -x**3 + 30*x + 4*x**t + 28*x - 59*x + 2. Let q = -4 - -8. Give i(q).
-2
Let x(l) = 18202*l**3 + 0*l**2 - 2*l + 6 - 18203*l**3 + 5*l**2. Suppose -a - 4*g = 3, -5*g - 21 = -3*a - 2*g. Determine x(a).
-4
Let t(v) = -9*v**3 - 4*v - 6*v**2 + 2*v + 3*v**2 + 1 - v. Let k(w) = 4*w**3 + 2*w**2 + w. Let s(n) = 7*k(n) + 3*t(n). Calculate s(-6).
-21
Let o(h) = 8*h**2 + h + 1. Let m = -3 - -11. Suppose 3*q = -2 + m. Suppose 0 = 3*t + q*t + 4*i + 13, 0 = -t + 4*i + 7. Determine o(t).
8
Let h = 65 - 65. Let w(c) = -c - 17. Calculate w(h).
-17
Let r(j) = -2*j**3 + j**2 - j. Let q be r(1). Let d be 5 - (q + 2)*1. Suppose d*x = -25, 7*y - 28 = 4*y + 5*x. Let p(i) = 3*i**2 - 2*i + 1. Give p(y).
2
Suppose -2*u = 2 - 8. Let p(k) = 4 - 3 - 5*k - u + k**2. Let b = 7182 - 7177. Calculate p(b).
-2
Let r(h) = h**2 - 3*h. Let j(l) = -l**3 - 8*l**2 - l - 1. Let g be j(-8). What is r(g)?
28
Let i(u) = -5*u - 4. Let h(k) = 7*k + 4. Let m(w) = 2*h(w) + 3*i(w). Give m(-12).
8
Let g(a) = -1041 + 1044 + 7*a**2 + 5*a - 2*a. Calculate g(-2).
25
Suppose 14*g + 5 = 75. Suppose 60 - 65 = g*j. Let q(m) = -2*m - 1. Calculate q(j).
1
Let t(b) = -b**3 + 20*b**2 - 19*b - 1. Let i(p) = p**3 - 7*p**2 - 5*p + 19. Let w be i(0). Give t(w).
-1
Let r = 1395 - 1389. Let t(d) = -d**3 + 6*d**2 - 2*d + 7. Determine t(r).
-5
Suppose 2*u = -2*a - 41 - 7, 5*a + 70 = 5*u. Let o = a + 17. Let h(n) = 3*n + 2 + 1 + n. Determine h(o).
-5
Let u(f) = -f**3 - 2*f**2 - 4*f. Let a be u(-2). Let j(w) = -w**3 + 7*w**2 + 8*w + 2. Give j(a).
2
Let q(c) be the first derivative of c**4/4 - 13*c**3/3 - 13*c**2/2 - 9*c - 58. Calculate q(14).
5
Let l(d) = 44*d - 167*d - 6 + 41*d + 39*d + d**2 + 44*d. Let z(v) = v**3 - 5*v**2 + 6*v - 6. Let o be z(4). Suppose o*c = 10, 3*c + 8 - 23 = j. What is l(j)?
-6
Let y(f) = f**3 + 11*f**2 + 2*f + 8. Let u(l) = 2*l**3 + 14*l**2 + l + 8. Let a(h) = -2*u(h) + 3*y(h). Determine a(6).
-4
Let h(i) = 2*i - 1. Let s(a) = 4*a + 7. Let m(f) = 6*f + 10. Let y(g) = -5*m(g) + 7*s(g). Let q be y(-2). Suppose 0*j = -3*j - q. What is h(j)?
-3
Let p(c) = -21*c**2 - 47 + 7*c**2 - 35 + 15*c**2. What